 + 1) a multiple of 10?
False
Suppose 6 = 2*o + 2*y, 5*y - 5 = -2*o + 1. Suppose i - o = -0*i. Suppose 0 = 4*n - 2*h - 82, -i*n + 0*h = -4*h - 54. Is 11 a factor of n?
True
Does 4 divide -200*(118/(-16) - -7)?
False
Suppose 0 = 8*s - 890 - 2190. Does 72 divide s?
False
Let w = -46 + 52. Suppose 2*f + w - 32 = 0. Is f a multiple of 6?
False
Let r(b) = 46*b. Let y be (-5)/(-3)*3 - 1. Let c be r(y). Suppose -2*u + 108 = 4*k, 4*u - 12 = -3*k + c. Is 13 a factor of u?
False
Let y(r) = -r**2 + 10*r - 9. Let m = -11 - -13. Suppose -u + 50 = 4*u - 5*h, -28 = -m*u + 4*h. Is 3 a factor of y(u)?
True
Let s(u) = -3*u - 35. Let z be s(-14). Let w(g) = 6*g**2 + 7*g**2 - 11*g**2 + 21 - 14*g - z. Is w(11) a multiple of 26?
False
Let u be (28/70 + (-12)/5)/2. Is u + -1 - (14 - 91) a multiple of 15?
True
Suppose -3*o = -3*j + o + 25, -2*j + 5*o + 26 = 0. Suppose j*i = 4 - 22. Is 11 a factor of (i/(-4))/(9/156)?
False
Let f be (-2 + 17)*(7/3 + -1). Does 4 divide 1/(5 + (-98)/f)?
False
Suppose -6*s - 558 = -12*s. Is 16 a factor of s?
False
Let u(c) = 7*c**2 - 1. Let s be u(1). Suppose 164 = 8*i - s*i. Suppose 2*h - 113 = r, -r + i = -5*h + 357. Is 18 a factor of h?
True
Let o(v) = v**2 + 9*v + 10. Let c be o(-9). Suppose h = 3*h - c. Suppose -h*y - 320 = -9*y. Is y a multiple of 15?
False
Let d(y) = y**3 - 23*y**2 + 38*y - 48. Does 30 divide d(24)?
True
Is (-795)/(-2)*(-80)/(-120) a multiple of 53?
True
Let w = -633 + 1088. Does 35 divide w?
True
Let s = 13 - 10. Let q(o) = -13 + 15*o + 10*o**2 + o**3 - 6*o**s + 4*o**3. Is 21 a factor of q(11)?
False
Suppose -5*d - 761 = -2*d - h, -3*d = -5*h + 769. Let v = -180 - d. Is 13 a factor of v?
False
Let h = 44 - 39. Suppose h*r + 168 = 8*r. Is r a multiple of 11?
False
Suppose -9*p - 13*p = -16170. Is p a multiple of 15?
True
Does 42 divide (144/5)/((-9)/(-210))?
True
Let t(m) be the third derivative of 1/8*m**4 + 0 + 0*m - 2/3*m**3 + m**2. Is 8 a factor of t(4)?
True
Suppose 3*o = -4*l - 248, -4*l - 272 = 3*o - 6*o. Let f = -37 - l. Is 14 a factor of f?
True
Suppose t - 2*t + 39 = 0. Suppose 3*u = 4*q - t, -u + 2 = 7. Suppose 2*k = q*k - 8. Is k even?
True
Is 9 a factor of 20*(-142)/(-4) - (6 + -7)?
True
Is 9 a factor of (-24662)/(-77) - (-2)/(-7)?
False
Let f be 9 - (-1 - -4 - 2). Suppose -4*a + f*a = 0, 0 = -j - a + 80. Is j a multiple of 20?
True
Suppose -h - 112 = -2*h + 4*i, -5*i - 350 = -3*h. Suppose 0 = -2*r + 5*r - h. Does 20 divide r?
True
Does 17 divide -7 + 740 + (-7 - 1)?
False
Suppose -220 = 3*u + 2*u. Let t = u - -89. Does 16 divide t?
False
Suppose -11*u - 4*u - 120 = 0. Is 19 a factor of (-4)/(-10) - u*(-166)/(-5)?
True
Does 73 divide 1022*((-90)/(-20))/9?
True
Suppose -2*f = l + 62, 124 = -4*f + 3*l - 2*l. Does 11 divide (1 - 0)*-11*(f - -5)?
True
Let a be (-116)/(-36) + (-4)/18. Let y(t) = -37*t**a + 4*t**2 - 5 + 6 - 6*t**2. Is 10 a factor of y(-1)?
False
Suppose -m + 3*d + 366 = 0, 517 = 4*m + d - 934. Is 32 a factor of m?
False
Let r(n) = -4*n + 6. Let t be r(-13). Suppose 4*m - 6*h = -2*h + 128, h - t = -2*m. Is 10 a factor of m?
True
Suppose -23 = -2*y + z, -4*y - z = y - 61. Suppose 3*x + 96 = 4*g, -y = x + 2*x. Does 7 divide g?
True
Suppose -9*w - 2 = -11*w. Suppose 4*s - 5*s = -w. Is s - 5 - 2*-22 a multiple of 15?
False
Let q be (4/(-11))/(-2) - (-68527)/319. Suppose -q = -6*u + 379. Does 9 divide u?
True
Let m be (-4 - -3)*-6 - 4. Suppose 4*b + 192 = m*c, 0*c - 439 = -4*c - 3*b. Does 27 divide c?
False
Let k(w) = w**3 + w**2 - w + 2. Let z be k(-2). Suppose 2*i - 2*t = -i - 25, -5*i + t - 44 = z. Is 22 a factor of (-2)/(-3) - 192/i?
True
Suppose 51521 - 19687 = 22*v. Does 13 divide v?
False
Suppose 1045 = c + 4*n, -5*c = -2*n + n - 5162. Does 101 divide c?
False
Suppose 0 = 3*p - 3*v + 5*v + 268, -4 = -4*v. Is (2 - (p - -1))*1 a multiple of 22?
False
Suppose 3*u + 6048 = 19*u. Is 18 a factor of u?
True
Let j(f) = 7 + 2*f - 3*f + 2*f + 2*f**2. Is j(0) a multiple of 2?
False
Does 17 divide 12624/4 - (-6)/1?
True
Let c = 13 + -13. Let x be 0/(1 - c - 3). Suppose -46 = -3*i + i + 5*n, x = 4*i + 2*n - 68. Is i a multiple of 9?
True
Is 2890*2/(-10)*-2 a multiple of 68?
True
Suppose 1990 = 5*o - 5*q, -6*o - 3*q = -o - 1974. Does 22 divide ((-4)/6)/((-2)/o)?
True
Suppose 3*l + 0*l = -312. Let m be 7 + -5 - (l - -1). Suppose 90 = 5*a - 2*y, 5*a - m = -0*y - y. Does 15 divide a?
False
Let c be (-14 - -16)*(-3)/(-2). Let j be 2*((-6)/(-4) + 0). Suppose -3*p = -6 - j, c*m - p = 135. Does 15 divide m?
False
Let u(f) = 31*f**2 - 4*f + 12. Is 15 a factor of u(3)?
False
Suppose 2*s + y - 1526 - 704 = 0, 0 = -2*s - 2*y + 2228. Does 93 divide s?
True
Let v(l) = -2*l**3 - 7*l**2 + 6*l + 5. Let n be v(-4). Is 87/(-27) - n - 632/(-9) a multiple of 10?
True
Let p be (-2)/(-1)*(2 + -1). Is 45 a factor of 10/5 + 2/p - -76?
False
Let t(z) = 111*z**3 - z. Let h be t(-1). Suppose -5*g = 205 + 50. Let s = g - h. Is 20 a factor of s?
False
Suppose -10 = -w + 10. Suppose -3*b - b = -w. Suppose 3*i - 34 = -2*n, -2*n = i - 1 - b. Does 6 divide i?
False
Let c(t) = -37*t - 26. Is c(-5) a multiple of 29?
False
Let g = -20 + 24. Is 6 a factor of (g/5*-1)/((-4)/70)?
False
Suppose 0 = -m + 11 + 1. Let x = m - 7. Suppose 3*b - k - 75 = 2*k, -107 = -3*b - x*k. Is 15 a factor of b?
False
Suppose 3*d + 4*o + 24 = d, -4*o = d + 10. Let m be 2/d + 935/77. Let y = m + 4. Is 8 a factor of y?
True
Let a(l) = -10*l - 10. Let d be a(-10). Suppose -d = -9*m + 3*m. Does 15 divide m?
True
Is 1621/(-5)*(-4 - (-1 - -2)) a multiple of 10?
False
Let k be (-3)/(-1) - 1*-1. Let t be -1*(0 + 6)*-1. Suppose 12 = 4*d, 4*z + k*d - 54 = t*d. Is z a multiple of 13?
False
Let i(m) = 1 + 2*m**2 - 9*m - 2*m**3 + 2*m**2 + m**2. Let y(g) = 2*g**3 - 4*g**2 + 8*g - 2. Let j(k) = 2*i(k) + 3*y(k). Does 25 divide j(3)?
True
Does 9 divide (-309)/(-9)*((-2 - -3) + 2)?
False
Suppose 4*g + 28 = -5*l - 5, 2*l = 4*g + 54. Let b be g/4*(-436)/(-12). Does 18 divide 0 + 6/(-3) - b?
False
Does 4 divide 1445/15 + (-5)/(60/4)?
True
Suppose 5*b + 160 = 5*j, 12*j - 8*j + 5*b = 137. Does 11 divide j?
True
Let f be 172*(4/(-4))/(-6)*-3. Let s = 59 - f. Is s a multiple of 32?
False
Let l be 0/3*7/21. Let m(d) = d**2 + 156. Is 39 a factor of m(l)?
True
Suppose -3*b + 2*o = -8*b - 126, 3*b + o + 75 = 0. Let x be (-1)/(-4) + (-1770)/b. Suppose 5*m = 46 + x. Is 12 a factor of m?
True
Suppose -5*r = -u - 4*u - 30, 0 = -2*r - 3*u + 32. Suppose 0*a + 2*a = r. Suppose -a*n + 13 + 2 = 0. Is n a multiple of 2?
False
Suppose -3*v = 4*i - 6, 0 = v - 3*v + 3*i + 4. Suppose 5*k - v*k = 12. Suppose -3*p + j + 90 = 2*j, -k*p = j - 121. Does 19 divide p?
False
Let y(x) = 2*x**2 + 2. Let c be y(2). Suppose -114 = c*l - 12*l. Suppose -4*i + 173 = l. Is 13 a factor of i?
False
Let o(h) = h**2 - 6*h + 3. Let s be o(5). Is 10 a factor of 1/s*(-27 - 13)?
True
Let d(c) = c**3 - 9*c**2 - 4*c. Let w(t) = -2*t**3 + 17*t**2 + 7*t - 1. Let z(k) = 5*d(k) + 3*w(k). Let p be z(6). Let g = 11 + p. Is g a multiple of 7?
True
Suppose -5*l = -15, 2*l = b - 1 + 17. Let a be ((-10)/4)/(5/b). Suppose -n + 378 = a*n. Is n a multiple of 17?
False
Let u(q) = -q**2 - 40*q + 42. Is 17 a factor of u(-20)?
True
Suppose 6*r = 8*r - 8. Suppose -174 = -r*a - 10. Let z = a + -7. Is 10 a factor of z?
False
Suppose -3 = -4*d + 13. Suppose 41 = r + k, -d*r + 3*k - 76 = -219. Suppose 2*w - 48 = -3*q, 5*q - 42 = w + r. Does 4 divide q?
True
Let h = 57 + 181. Suppose -3*c = 22 - h. Is c a multiple of 12?
True
Let y be (12 + -1)/(3/(5 - 2)). Suppose -187 = -y*a + 11. Is 15 a factor of a?
False
Let v(b) = -b**2 + 5*b + 3. Let s be v(5). Let x be s/18 - 91/6. Let p = -3 - x. Does 6 divide p?
True
Suppose 36*q - 3612 = 24*q. Is q a multiple of 7?
True
Suppose 186 + 199 = 5*d. Let b(h) = -4*h + 13. Let u be b(14). Let n = u + d. Is n a multiple of 16?
False
Let m = -268 - -420. Is 11 a factor of m?
False
Let j(c) = 7*c + 3. Let i(y) = 6*y + 2. Let p(w) = 3*i(w) - 2*j(w). Let k be p(1). Suppose -3*o = -2*o - 2*u - 44, -5*o + k*u = -208. Is o a multiple of 20?
True
Suppose 2*b + 5 + 51 = 0. Is (6/(-7))/(b/98) a multiple of 2?
False
Suppose r + 3*c = 991, 0 = -5*r + 3*r + 3*c + 2018. Is r a multiple of 78?
False
Suppose 2*t - 6*t = 0. Suppose t = -r - 2*r + 60. Let c = r + 0. Is 12 a factor of c?
False
Suppose 7*z + 18 = 4*z. Let w = z + 